pose -5*x = 23*x - 56. Determine g(x).
12
Let h be (2/4)/((-2)/(-8)). Suppose b - 8 = -b - 2*d, 3*b - 14 = -4*d. Let c(n) = -h - 1 + 0 + n + b. Give c(6).
5
Let m be 12/(-8)*4 - (2 - 9). Let l(a) = -20*a**3 + 2*a**2 - 3*a + 1. Determine l(m).
-20
Suppose -6 = -3*w + 3*q, -2*w - w + 6 = -2*q. Suppose -2*p + 100 = 96. Let l(o) = 2*o - 8. Let a(r) = -r + 4. Let m(v) = p*l(v) + 5*a(v). Give m(w).
2
Let r(v) = v**2 - 2. Let k be (-17)/119 - (-44)/14. Let l(a) = -10 - 10 + 23 - 2*a**2. Let g(z) = k*r(z) + 2*l(z). What is g(-2)?
-4
Let o(d) = d**3 + 4*d**2 + 3*d - 3. Let f be (36/(-27))/((-1)/(-33)). Let y = f - -41. Give o(y).
-3
Let d(p) = -4*p**3 - p - 1. Suppose 3*j + 5*x = 7, -3*x = -2*j - 2*j - 10. Calculate d(j).
4
Suppose -1 = -z + 1. Let s(c) be the second derivative of -c**3/2 + 3*c**2/2 - 18*c + 4. Determine s(z).
-3
Let r(m) = 29 + 0 + 0*m - 4*m - 3 + 5*m. Give r(-15).
11
Let j(t) = 12*t**2 + t. Let x = -8 - -12. Let h be (18/(-9))/6*-6. Suppose 0 = x*r - 0*z + 2*z - h, 3*r = 3*z + 6. What is j(r)?
13
Let j(s) = s - 4. Let q(x) = -x**3 - x**2 + x + 1. Let z(b) = 12*b**2 + 7*b**3 + 3*b - 1 + 0 - 9*b. Let r(o) = 6*q(o) + z(o). Let v be r(-6). What is j(v)?
1
Let k(b) = -b**2 + 3*b + 5. Let q be (-133)/(-28) - (-15)/12 - 2. Give k(q).
1
Let r(t) = t + 2. Let d(p) = -p**2 + 12*p + 16. Suppose -x - 4 = -17. Let g be d(x). Suppose 2*b + 5*c + 13 = 0, b = g*c + 2*c + 1. What is r(b)?
-2
Suppose -z + 5*m = -0*m + 19, 4*z = -2*m + 34. Let q(s) be the third derivative of -s**6/120 + 7*s**5/60 - 7*s**4/24 + 4*s**3/3 + 7*s**2. Calculate q(z).
2
Let n(f) = -f**2 - 2*f + 1. Let w = 5 + -4. Let d be 8/(-6)*(14 - 11). Let r = w + d. Calculate n(r).
-2
Let s(d) = -d**2 + 13*d - 10. Let b be s(12). Let q(h) = b - 8*h + 18*h - 9 - 8*h. Give q(-5).
-17
Suppose 0 = -d + 4*d - 15. Suppose 2*i - 3 = -n, d*n = 3*i + i - 13. Let r(p) = -i*p**3 + 5 - 12*p**3 + 13*p**3 - 6*p**2 - 5*p. Calculate r(-5).
5
Let z be (-7)/(-6) - 1 - (-74)/(-12). Let w(m) = -m - 4. Give w(z).
2
Let q(g) = g**2 + g - 4. Let w = 99 - 89. Suppose 0 = 6*t - 10 + w. Calculate q(t).
-4
Suppose 4*i + 15 + 3 = 2*m, -4*i = -3*m + 31. Let c(f) = 12*f - 4*f - f**2 - m*f. Calculate c(-4).
4
Let i(y) = -5*y - 3 - 5*y**2 - y**3 + 11*y**2 - 4*y + 7*y. Let h be ((-12)/7)/((-2)/7). Give i(h).
-15
Let y(b) = -b**3 - 3*b**2 + 3*b - 5. Let s = -673 - -669. Give y(s).
-1
Let j(z) be the first derivative of z**4/4 - 4*z**3/3 + 3*z**2/2 - 158. What is j(2)?
-2
Let o(h) = h**3 + 4*h**2 - 7*h - 5. Let g be (340/(-30))/((-5)/((-15)/(-2))). Suppose -3*q - 3*y = g + 4, -5*q = y + 27. Give o(q).
5
Let u(y) = 2*y - 21. Suppose 0 = 17*w + 5 - 107. Calculate u(w).
-9
Let s = 24 - 8. Let n = s + -17. Let t be 5/(-5) + (-5)/n. Let z(l) = -l**3 + 4*l**2 - 2. Determine z(t).
-2
Suppose 150 = -4*q + 6*q. Let r(p) = q - 75 + 3*p. What is r(-1)?
-3
Let v(p) = p + 1 + 10 + 2 + 10 - p**2. Give v(0).
23
Let z = 2 + -4. Let o(k) be the second derivative of -k**5/10 - k**4/3 - 2*k**3/3 - 3*k**2/2 - 18*k. Determine o(z).
5
Let p(z) = 20*z**2 - 11*z - 26. Let m(w) = 23*w**2 - 12*w - 29. Let g(t) = -6*m(t) + 7*p(t). Calculate g(4).
4
Let j(p) = p**3 - 3*p**2 - p. Suppose k + 2 = -0. Let z be k - 6/(-4) - 9/(-2). Determine j(z).
12
Let m(b) = -b**2 - 14*b - 12. Let g(y) = -y**2 - 15*y + 35. Let v be g(-17). Let i(d) = d + 1. Let a(l) = v*m(l) + 6*i(l). Determine a(-8).
-6
Let f = 8 + -6. Let a(s) be the third derivative of 1/40*s**6 - 1/20*s**5 - 1/2*s**3 + 10*s**2 + 0*s + 1/12*s**4 + 0. What is a(f)?
13
Let v(g) = -g**2 + 6*g + 13. Let q = -1360 + 1368. Calculate v(q).
-3
Let o = -52 + 59. Let w(t) = -5*t**2 - o*t**2 + 4*t**2 + 0*t**2 + t. Determine w(1).
-7
Let o(b) be the second derivative of b**4/12 + b**3 + 5*b**2 + 9*b. Let j(l) be the first derivative of o(l). What is j(-5)?
-4
Let g(u) be the second derivative of -u**4/12 + 4*u**3/3 - 7*u**2/2 + 2*u + 16. Give g(6).
5
Let s(o) = 3*o - 4*o**2 - 5*o + 3*o**2 + 4. Let a = 7794 + -7799. Calculate s(a).
-11
Let m(f) = 18*f - 6*f - 9 - 14*f + 48. What is m(16)?
7
Suppose 8*x + 7 = 71. Let q(n) = -x - 4*n - n + 2 - 5*n - n**2. Determine q(-10).
-6
Let b = 1061 - 1045. Let f(z) = z - 15. Calculate f(b).
1
Let q(k) = 2*k**3 + 3*k**2 + 4*k + 2. Let m(h) = -h**3 + 6*h**2 - 3*h - 6. Let t be m(5). Suppose 0 = -l - 5*i + 23, -3*l - 2*i + 0*i = -t. Calculate q(l).
-10
Let i be 3/((-9)/30)*-1. Let z(k) = -k**2 + 10*k + 2. Let q be z(i). Let c(x) = 2 - 1 - 2 - 5*x**2 + 0*x**q + x**3. Calculate c(5).
-1
Let p(a) = -a**3 - 7*a**2 - 6*a + 3. Suppose 7*s - 5*s - 50 = 0. Let g = -10 + s. Suppose -3 = -2*c - g. Calculate p(c).
3
Suppose -3 - 7 = -2*m. Let a = m - -1. Let y(l) = -l - 3*l + 3*l + a*l. Determine y(1).
5
Let j(t) be the third derivative of -t**5/60 + 5*t**4/24 - t**3/6 - t**2. Suppose -12 = 5*q - 7*p + 3*p, 10 = -5*p. Let m be (q + 2)/(-1) + 4. Calculate j(m).
-7
Let c(w) = -w**2 + w - 5. Suppose 12 - 2 = -2*l. Let g = -5 - l. Suppose h - 2*v = g, v = 3*v. What is c(h)?
-5
Let o be 96/(-264) - (-111)/33. Let w(i) be the first derivative of 8/3*i**o + 0*i + 1/2*i**2 + 5. What is w(-1)?
7
Let b(l) = 2*l**2 - 9*l + 7. Let m(w) = -w**2 + 2. Let p(c) = b(c) + m(c). Give p(5).
-11
Let m = 29 + -33. Let y(r) = -r + 1. Let c(w) = 5*w - 5. Let a(u) = m*y(u) - c(u). Let s be (-1)/5 - 19/5. Give a(s).
5
Let f(y) = -170*y**3 + 3*y**2 - 3*y + 2 + y**2 + 171*y**3. Let z(m) = -m**3 - 3*m**2 + 2*m + 2. Let v be z(-3). Determine f(v).
14
Let a(h) be the third derivative of -h**6/120 - 2*h**5/15 - h**4/24 - h**3 + 58*h**2 + 2*h. Determine a(-8).
2
Let f = 21 + -16. Let x(p) be the first derivative of 0*p**3 + 3*p - 2*p + f - 2*p - 2*p**3. Determine x(-1).
-7
Let n(y) = 5 + 343*y**2 + 0*y - 344*y**2 + 7*y - 8 - 8. Give n(4).
1
Let n(v) be the first derivative of -v**3/3 + v**2/2 - 7*v - 163. Determine n(-5).
-37
Let m(a) be the first derivative of -a**2 - 2*a + 2. Suppose 2*x + u = -13, -5*x - 27 = u - 4*u. Calculate m(x).
10
Let o(k) = k**3 - 4*k**2 - 5*k + 6. Let v = -6 - -18. Suppose -v = -5*x + 13. What is o(x)?
6
Let t(a) = a + 1. Let w(c) = -3*c - 3. Let s(y) = 5*y + 6. Let g(n) = 2*s(n) + 5*w(n). Let b(x) = 2*g(x) + 9*t(x). Give b(3).
0
Let r(f) = -f**3 - 2*f**2 - 4. Let v be r(-3). Let j(o) = -o**2 + 7*o + 10 - 13 - v*o. Determine j(2).
-3
Suppose z - 3 = 3*m, 53 = -0*z - 5*z - 2*m. Let d(x) = -17*x - 15 + 55*x - 21*x - 18*x. What is d(z)?
-6
Let i = 15 + -11. Suppose -3*t + i = -5. Let p(s) = -t - 32*s**2 - s**3 + 0 + 25*s**2 - 8*s - 1. What is p(-6)?
8
Let z(c) = 1 - 4 - 6*c + 305*c**2 - 155*c**2 - 151*c**2. What is z(-5)?
2
Let n(v) = -2*v - 4. Let u be n(-5). Let q(c) = 9*c**3 + 18*c**2 - 7. Let m(f) = 5*f**3 + 9*f**2 - 4. Let g(z) = u*q(z) - 11*m(z). Calculate g(9).
2
Let y(j) = -j**2 + j. Let b(a) = -3*a**2 - 2*a - 7. Let r(d) = -b(d) + 4*y(d). Determine r(6).
7
Suppose 55 = -5*c + 160. Let i = c - 16. Let n(p) = -p**2 - p - 7. Let b(u) = -2*u**2 - 7. Let o(g) = -2*b(g) + 3*n(g). Give o(i).
3
Let m(r) = 5*r**3 + 7*r**2 - 3*r. Let x(j) = -3*j**3 - 5*j**2 + 2*j. Let s(k) = -5*m(k) - 7*x(k). Suppose 0 = -4*l + l + 3. Give s(l).
-3
Let p be ((-109)/(-327))/((-2)/48). Let c(u) = u**3 + 8*u**2 + 2*u + 17. Give c(p).
1
Let q(v) be the first derivative of v - 1/2*v**2 - 6. What is q(7)?
-6
Let r(h) be the third derivative of h**5/30 - h**4/6 + h**3/2 + 254*h**2. Suppose 5*n - 3*n + m = 6, 2*m = 4. Determine r(n).
3
Let f(i) = -10*i**2 - 23*i + 8. Let k(l) = 7*l**2 + 15*l - 5. Let j(c) = 5*f(c) + 7*k(c). Let z be j(-11). Let n = z + 8. Let y(o) = -o - 2. Calculate y(n).
-4
Let x(p) = p**2 + 10*p. Let f(y) = -9*y**2 - y - 1. Let d be f(-1). Give x(d).
-9
Let k = -167 - -177. Let h(r) = -r**2 + 9*r + 4. Calculate h(k).
-6
Let t(c) = c**3 + 3*c**2 - 13*c - 5. Let o(f) = 2*f**2 - 36*f - 5. Let z be o(18). What is t(z)?
10
Let a(b) = 4*b + 350 - 354 - 2*b + b**3 - 3*b**2. Give a(3).
2
Let n = -1 - -1. Let v be 1*1*21/(-7). Let j be (-9 - n)/v - 1. Let z(q) = 2*q**3 - q**2 - 2. Give z(j).
10
Suppose 3*g = 10*g - 21. Let d(x) = g*x + 2 - 3*x - x + 3*x. Determine d(-5).
-8
Suppose -6*r = -2*r + 4. Let i = 4 + r. Suppose 5*b - i*b = -2. Let l(t) = -6*t. Give l(b).
6
Let m(h) = -7*h**2 + 11*h + 2. Let r(b) = 4*b**2 - 6*b - 1. Let t(x) = -3*m(x) - 5*r(x). Let q(n) = -11*n - 52. Let d be q(-5). Determine t